oes 1225 divide 1275225?
True
Does 415 divide 1994490?
True
Is 186449 a multiple of 308?
False
Does 13 divide 75036?
True
Is 128 a factor of 9937408?
True
Does 16 divide 466700?
False
Does 30 divide 10468140?
True
Is 177137 a multiple of 19?
True
Is 270142 a multiple of 6?
False
Does 217 divide 660926?
False
Does 12 divide 193980?
True
Is 2 a factor of 27778?
True
Is 1338897 a multiple of 309?
True
Does 204 divide 3946889?
False
Is 893 a factor of 7461908?
True
Is 266304 a multiple of 44?
False
Does 2531 divide 321684?
False
Is 232 a factor of 109968?
True
Does 25 divide 30100?
True
Is 272 a factor of 1071890?
False
Is 215748 a multiple of 52?
True
Does 17 divide 2063754?
False
Is 982488 a multiple of 201?
True
Is 13 a factor of 385165?
False
Is 931777 a multiple of 435?
False
Is 1889 a factor of 7202267?
False
Does 88 divide 771232?
True
Does 38 divide 35756?
False
Is 99603 a multiple of 63?
True
Is 71 a factor of 224553?
False
Does 33 divide 215655?
True
Is 6558509 a multiple of 763?
False
Is 67186 a multiple of 14?
True
Does 48 divide 19804368?
True
Is 200564 a multiple of 247?
True
Is 641 a factor of 2803046?
False
Is 143 a factor of 152137?
False
Is 95150 a multiple of 346?
True
Does 126 divide 10320534?
True
Is 38729 a multiple of 3?
False
Is 3102208 a multiple of 332?
True
Does 157 divide 5131740?
False
Is 331200 a multiple of 720?
True
Is 7 a factor of 723471?
True
Is 425358 a multiple of 18?
True
Does 32 divide 27524?
False
Is 70623 a multiple of 177?
True
Is 39630 a multiple of 10?
True
Is 31304 a multiple of 116?
False
Is 70 a factor of 412747?
False
Does 54 divide 94556?
False
Is 136318 a multiple of 147?
False
Is 54210 a multiple of 10?
True
Is 210 a factor of 4550?
False
Is 176 a factor of 359369?
False
Does 34 divide 63930?
False
Is 210 a factor of 95130?
True
Is 204273 a multiple of 9?
True
Is 1967797 a multiple of 621?
False
Is 5520 a multiple of 30?
True
Is 68103 a multiple of 7?
True
Does 137 divide 2098456?
False
Is 152 a factor of 553477?
False
Does 473 divide 1977616?
False
Does 860 divide 864931?
False
Is 342 a factor of 40066?
False
Is 450456 a multiple of 57?
False
Is 77 a factor of 332927?
False
Is 337590 a multiple of 186?
True
Is 27 a factor of 392040?
True
Does 15 divide 2745641?
False
Does 422 divide 355746?
True
Does 38 divide 3971076?
True
Is 337 a factor of 4105764?
False
Does 199 divide 363971?
True
Does 112 divide 6299216?
True
Does 11 divide 142922?
False
Is 3470969 a multiple of 396?
False
Does 14 divide 105028?
True
Is 5472024 a multiple of 83?
True
Is 90302 a multiple of 185?
False
Is 45 a factor of 19036?
False
Does 122 divide 5832753?
False
Is 137627 a multiple of 11?
False
Is 75 a factor of 3477225?
True
Does 2 divide 12278?
True
Is 81528 a multiple of 258?
True
Is 13573641 a multiple of 1603?
False
Does 697 divide 14288291?
False
Does 9 divide 1427967?
True
Is 147 a factor of 598487?
False
Is 34 a factor of 875636?
True
Is 2089676 a multiple of 86?
False
Is 39993099 a multiple of 115?
False
Is 287675 a multiple of 4?
False
Is 15 a factor of 1305787?
False
Does 35 divide 7942060?
True
Does 17 divide 338725?
True
Is 7334015 a multiple of 13?
True
Is 112 a factor of 66216?
False
Is 348216 a multiple of 2?
True
Is 40 a factor of 245920?
True
Does 37 divide 427608?
False
Does 298 divide 75625?
False
Is 213901 a multiple of 21?
False
Is 139 a factor of 131714?
False
Is 30 a factor of 125812?
False
Does 150 divide 142738?
False
Does 244 divide 1983839?
False
Is 10 a factor of 15020460?
True
Does 231 divide 206745?
True
Does 26 divide 627670?
False
Does 35 divide 325570?
True
Is 13 a factor of 126412?
True
Is 8362806 a multiple of 1592?
False
Is 24 a factor of 178920?
True
Does 214 divide 410452?
True
Is 9667866 a multiple of 391?
True
Does 13 divide 8037?
False
Is 10200036 a multiple of 207?
False
Does 32 divide 292096?
True
Is 7 a factor of 52540?
False
Is 3 a factor of 3029355?
True
Does 49 divide 187180?
True
Does 36 divide 832212?
True
Is 2866041 a multiple of 79?
True
Does 4 divide 420808?
True
Does 53 divide 401475?
True
Does 367 divide 1491121?
True
Does 107 divide 2952737?
False
Does 61 divide 4826385?
False
Does 36 divide 326268?
True
Is 422056 a multiple of 4?
True
Does 8 divide 37616?
True
Is 3 a factor of 1019122?
False
Does 2449 divide 6222909?
True
Is 16 a factor of 653659?
False
Is 235382 a multiple of 60?
False
Is 220 a factor of 1123488?
False
Does 146 divide 641760?
False
Is 20072 a multiple of 193?
True
Is 3825668 a multiple of 22?
True
Does 54 divide 95308?
False
Is 4 a factor of 17433?
False
Is 260 a factor of 125320?
True
Does 2 divide 183214?
True
Is 32 a factor of 48064?
True
Does 17 divide 110432?
True
Is 547 a factor of 1935286?
True
Does 145 divide 207096?
False
Does 16 divide 2066592?
True
Is 120 a factor of 75995?
False
Does 17 divide 1674634?
False
Is 910305 a multiple of 45?
True
Is 3506580 a multiple of 33?
True
Is 580230 a multiple of 21?
True
Is 1179 a factor of 14560650?
True
Is 1476031 a multiple of 504?
False
Is 5 a factor of 1083225?
True
Is 7629030 a multiple of 45?
True
Is 74 a factor of 204253?
False
Does 59 divide 315001?
True
Is 112839 a multiple of 87?
True
Does 27 divide 14401378?
False
Does 13 divide 1041196?
True
Is 104621 a multiple of 4?
False
Is 257 a factor of 5106295?
False
Is 9798180 a multiple of 70?
True
Does 39 divide 23166?
True
Is 59666 a multiple of 70?
False
Is 15 a factor of 11743560?
True
Is 5 a factor of 79747?
False
Is 503220 a multiple of 60?
True
Is 77 a factor of 1653589?
False
Does 675 divide 1480909?
False
Does 430 divide 14025310?
True
Does 355 divide 300457?
False
Is 85844 a multiple of 43?
False
Is 1050810 a multiple of 30?
True
Is 6484990 a multiple of 17?
True
Is 9361996 a multiple of 64?
False
Does 7 divide 253316?
True
Is 80132 a multiple of 134?
True
Does 152 divide 1046793?
False
Does 260 divide 527800?
True
Is 154700 a multiple of 25?
True
Is 64 a factor of 144064?
True
Is 4 a factor of 20228?
True
Does 3 divide 497944?
False
Is 24897 a multiple of 15?
False
Is 76 a factor of 849855?
False
Does 421 divide 4319210?
False
Is 86248 a multiple of 14?
False
Is 363 a factor of 4489584?
True
Is 12 a factor of 991781?
False
Is 81 a factor of 3708909?
True
Is 12631818 a multiple of 601?
True
Does 29 divide 124558?
False
Is 15 a factor of 1372927?
False
Is 13 a factor of 545655?
False
Is 40424 a multiple of 31?
True
Is 179130 a multiple of 14?
True
Is 72 a factor of 1040616?
True
Is 223 a factor of 336284?
True
Does 485 divide 749118?
False
Is 6378636 a multiple of 382?
True
Is 23 a factor of 5793516?
True
Is 115939 a multiple of 444?
False
Does 146 divide 262216?
True
Is 2858790 a multiple of 5?
True
Is 920217 a multiple of 576?
False
Is 11 a factor of 21769902?
True
Is 27 a factor of 6046068?
False
Is 8 a factor of 239376?
True
Does 2 divide 160347?
False
Is 112842 a multiple of 18?
True
Does 20 divide 204180?
True
Is 692 a factor of 2013720?
True
Is 23506 a multiple of 23?
True
Does 405 divide 354693?
False
Is 1877039 a multiple of 9?
False
Is 28 a factor of 850200?
False
Is 9500226 a multiple of 374?
False
Is 806867 a multiple of 283?
False
Is 5264 a multiple of 7?
True
Does 270 divide 1138050?
True
Is 10 a factor of 90399?
False
Is 133302 a multiple of 78?
True
Does 48 divide 134208?
True
Does 8 divide 18928?
True
Is 2943914 a multiple of 53?
False
Is 10751671 a multiple of 18?
False
Is 2348736 a multiple of 321?
False
Is 1262378 a multiple of 477?
False
Is 162 a factor of 77545?
False
Does 78 divide 428688?
True
Is 339443 a multiple of 13?
True
Is 12572 a multiple of 97?
False
Does 9 divide 830538?
True
Is 107 a factor of 89727?
False
Is 526 a factor of 65224?
True
Does 5 divide 64099?
False
Does 24 divide 70656?
True
Is 347 a factor of 2644623?
False
Is 10277 a multiple of 300?
False
Is 137449 a multiple of 55?
False
Does 6 divide 22548?
True
Is 45 a factor of 158122?
False
Does 734 divide 10673828?
True
Is 695772 a multiple of 11?
True
Is 412284 a multiple of 258?
True
Is 452 a factor of 5196644?
True
Is 13195 a multiple of 91?
True
Is 494 a factor of 247844?
False
Is 205 a factor of 327261?
False
Is 1144000 a multiple of 197?
False
Is 28 a factor of 442975?
False
Does 25 divide 306525?
True
Is 87654 a multiple of 7?
True
Is 52